(h) = -8 + 2 + h - 3 - 3. Let a be g(13). Let z be (a - (-26)/(-22)) + 26/143. Determine k(z).
-20
Let w(c) = -76*c**3 + 2*c**2 - 2*c + 2. Let m(u) = -485*u**3 + 11*u**2 - 11*u + 12. Let x(p) = -2*m(p) + 13*w(p). Determine x(1).
-16
Let a(b) = 9*b - 26. Let f = 2117 - 2113. Calculate a(f).
10
Let s be (-3)/(-1) - (32 + (3 - 39)). Let p(x) = 7*x - 55. Calculate p(s).
-6
Let o(t) be the first derivative of -t**2 + 52*t + 700. Determine o(24).
4
Let m(p) = p - 9. Let r be m(7). Let w(c) = -7*c**2 - 7 + 17*c**2 - 5*c**2 + 6 + 2*c**2. Give w(r).
27
Let t(b) = b**3 - 3*b**2 + 10*b**2 - 4*b**2 - 2*b - 9 - 5*b. Suppose 5*c = -g + 11, -3*g + 33*c - 15 = 32*c. Give t(g).
3
Let k(s) = 6*s**2 + 14*s - 23. Suppose -37*n + 1463 = 1389. Give k(n).
29
Suppose -4*l - 4*s = -12, 3*l + 7 = -2*s + 10. Let p(x) = 24*x - 5. Determine p(l).
-77
Let u(f) be the first derivative of 2*f**3/3 - 16*f**2 - 66*f - 60. Let k be u(18). Let y(a) = a**2 - 7*a + 6. What is y(k)?
0
Let g(l) = 36932*l**2 - 46*l + 36931*l**2 - 73864*l**2 - 159. Calculate g(-41).
46
Let v(u) be the second derivative of 5/3*u**3 - 1/12*u**4 + 0*u**2 + 38 - u. Give v(9).
9
Let f(p) = 2*p**2 + 2*p + 1. Suppose -30*w + 13 = -17*w. Let q(a) = 3*a**2 + 2*a - 2. Let c(h) = w*f(h) - q(h). What is c(-3)?
-6
Let s(u) = 3*u**2 + 5*u + 7. Let v = 12 + -10. Let m(x) = -x**2 + 2*x + 1. Let r(q) = v*m(q) + s(q). Suppose -4*j = -0*j + 28. What is r(j)?
-5
Let h(p) = -3*p**2 - 7*p + 36. Let l(c) = 62*c - 1989. Let n be l(32). What is h(n)?
-4
Let o(s) be the second derivative of -12*s - 20/3*s**3 + 1/120*s**5 + 0 + 0*s**2 - 1/24*s**4. Let d(a) be the second derivative of o(a). Calculate d(3).
2
Let z be (6/18*4)/((-1)/(-3)). Suppose 3*k - 19 = -z. Suppose 5*f - k = -h - 0*h, h + f - 5 = 0. Let u(v) = -v - 6. Calculate u(h).
-11
Let z be 0 + -4 + 1 + (-8 - -14). Let g(h) = 3*h - 9 + 3 - 11*h - h**2 + z*h. Determine g(-5).
-6
Let y(p) = 14*p + 114. Let u = -20446 - -20438. Determine y(u).
2
Let m(l) be the first derivative of 196 + 1/4*l**4 - 1/2*l**2 + 6*l + 1/3*l**3. Give m(0).
6
Let k(g) = -7*g - 10*g + 8*g - 2*g. Let u(b) = 13*b - 129. Let c be u(10). Give k(c).
-11
Let a(v) = v + 34. Suppose 0 = -129*o - 9*o - 407 - 973. What is a(o)?
24
Suppose -5 = -10*p - 65. Let t(u) = -4*u - 19. Give t(p).
5
Let t(d) = -d + 2. Suppose -8 = -4*w, -2*y = -2*w - 2*w - 10. Suppose -7*v - y + 2 = 0. Let s be (2 + -3)*(-1 - v). Give t(s).
2
Let m(f) = f**2 + 17*f - 44. Let n be 5 - 102/24 - (-79)/(-4). Let p be m(n). Let g(q) = -q**3 - 8*q**2 - 7*q - 4. Give g(p).
-34
Let m(y) = 2*y**2 - 2 - 200607*y**3 - 2*y + 200615*y**3 + 2*y. Determine m(-1).
-8
Suppose 0 = -v - v - 5*p + 119, 3*v + p - 172 = 0. Suppose 5 = -56*i + v*i. Let y(t) = -4*t + 6*t + 2*t**2 - t**2 - i + 2*t. Determine y(-5).
0
Let m(v) = -12 + 6*v**3 + 12*v**3 + 5*v**3 + 18*v - 35*v**3 + 11*v**3 + 6*v**2. Determine m(8).
4
Let c = 405 - 416. Let j(b) = b**3 + 13*b**2 + 23*b + 5. Give j(c).
-6
Let f(w) = -121*w - 5085. Let h be f(-42). Let i(p) = -p**2 - 17*p - 39. What is i(h)?
3
Let j be -3*((-22)/6 - -2). Let i(c) = -2*c**2 + 3*c**2 + j + 25*c - 18*c. Give i(-7).
5
Let f(u) be the first derivative of 3*u**2/2 - 52*u + 3044. Give f(20).
8
Let q be -3 + 5 + (0 - (2 + 6)). Let g(s) = -11*s + 9. Let h(d) = 6*d - 3. Let c(n) = 4*g(n) + 9*h(n). Calculate c(q).
-51
Suppose 35*m = -323 + 284 - 556. Let y(o) = 5*o + 73. Give y(m).
-12
Let p = 1431 + -1421. Let j(o) be the first derivative of 0*o + 5/2*o**2 + p. What is j(-1)?
-5
Let f(g) be the first derivative of 11*g**4/4 + g**3 + 2*g**2 - 122. Let c(s) = -28*s**3 - 6*s**2 - 7*s - 1. Let m(q) = 2*c(q) + 5*f(q). Determine m(4).
6
Let c(g) = -11*g**3 - 2*g**2 + 5*g - 3. Suppose 0 = 8*x - 17*x + 9. Calculate c(x).
-11
Let z(s) = 2*s**3 - s**3 - 7 - 3 - 7*s**2 + 5*s. Suppose 16*y - 92 = -12 + 32. Calculate z(y).
25
Let o(g) = -62*g**3 + 28*g**2 + 77*g - 112. Let p(b) = 53*b**3 - 30*b**2 - 77*b + 112. Let h(z) = 6*o(z) + 7*p(z). What is h(-40)?
-8
Let g(v) be the third derivative of v**6/120 - 4*v**5/15 - 5*v**4/8 - 2059*v**2. What is g(17)?
34
Suppose 0 = -2*d - 2*w + 160, 3*d - 390 = 4*w - 122. Let v(i) = -38*i + d*i - 44*i - 2 - 5*i**2 - i**3 - 1. Suppose z - 2*z = 5. Calculate v(z).
-13
Let t(s) be the second derivative of 7*s**3/2 - 52*s**2 + 1344*s. Give t(5).
1
Let c = 10141 + -10150. Let k(x) = x**3 + 9*x**2 + 10*x + 3. Give k(c).
-87
Let l be 1 + 8 + 4 + -6. Let v(s) = 556061*s**2 - 4 + 6*s + 556061*s**2 - 1112123*s**2. Determine v(l).
-11
Let k(i) = -i**3 - 12*i**2 - 9*i + 41. Suppose 0 = 14*p + 34*p + 528. Let m be k(p). Let n(r) = -r + 11. What is n(m)?
-8
Suppose 0 = 156*p + 513 - 45. Let k(j) = 2*j**2 - j + 4. Calculate k(p).
25
Let l(z) = 5*z**3 + 74*z**2 - 20*z + 34. Let j(p) = -2*p**3 - 27*p**2 + 7*p - 11. Let m(c) = -8*j(c) - 3*l(c). Calculate m(6).
10
Let g be (444/48 + -9 - 3/4)*-18. Let w(x) = 29*x - 260. Calculate w(g).
1
Let p(a) = 2*a**3 - a**2 + a - 4. Let i be (1/(-3))/((-2)/6). Let g(l) = 3*l**3 - 1. Let k be g(i). Calculate p(k).
10
Let y(t) = -6*t**2 + 3*t + 1. Let j(f) = 8*f**2 - 2*f - 3. Let p(v) = 2*j(v) + 3*y(v). Suppose -2*o + a + 11 = 0, 3*o = -o - 2*a + 10. Determine p(o).
-15
Let p(w) = -w**2 + 3*w - 4. Suppose 594 = 18*q - 9*q. Let l be 1*10*q/165. What is p(l)?
-8
Let g(l) = -l**2 - 6*l + 6 - l + l. Suppose 0 = -28*q + 43*q - 3630. Suppose -14*z = q - 172. Calculate g(z).
11
Let z(i) = 130*i - 19. Let a(u) = 152*u - 18. Let q(b) = -6*a(b) + 7*z(b). Determine q(-4).
-17
Let s(p) = -3*p**2 - 5*p + 4. Let b be 2*(18/6)/3. Suppose -b*r - 3*i + 6 - 15 = 0, 2*i = 4*r + 10. Calculate s(r).
-8
Let j(b) = -2*b**2 - 52*b - 50. Suppose -3*w + 0*f - 72 = -f, 3*w + 2*f = -81. Let l be j(w). Let h(c) = 0*c - c - 13 + 0*c. Calculate h(l).
-13
Let s(x) = -334*x + 662*x + 44*x**2 - 329*x - 33*x**2 + 51*x**2. Give s(1).
61
Let q(r) = 5*r**2 - 11. Suppose -3*i + 28 - 1 = 0. Let d(k) = 11*k**2 - k - 23. Suppose 23*v + 17 + 75 = 0. Let c(j) = i*q(j) + v*d(j). What is c(-5)?
-2
Let h = -395 + 400. Suppose -3*a = 5*p - 78, 26 = a + 2*p + 3*p. Suppose -5*u + i - a = 0, -14 = -0*u - u + h*i. Let g(o) = o**2 + 4*o - 4. What is g(u)?
8
Let z(b) = 4*b**3 + b**2 - 2. Let p = 337 + -371. Let j = -32 - p. Give z(j).
34
Let r(h) = -h**2 - 6*h + 36. Suppose 3*d + 24 = 951*a - 950*a, -4*d - 16 = 4*a. Determine r(d).
29
Let f(o) be the second derivative of -109*o - 7/6*o**3 - 1/20*o**5 - 1/2*o**2 + 0 - 2/3*o**4. Give f(-7).
-1
Suppose 5*r - 262 = -7*q + 8*q, -5*r - 4*q = -252. Suppose -r = -33*j + 311. Let c(k) = k**2 - 11*k - 3. Calculate c(j).
-3
Let i(s) = -s**2 - 4*s - 1. Let k(z) be the third derivative of 1/24*z**4 + 0*z + 0 - 7*z**2 + 1/6*z**3. Let w be k(-6). What is i(w)?
-6
Let k(y) be the third derivative of -y**5/30 - y**4/24 - y**3/6 + y**2 + 31. Suppose -78 = -4*j + 102. Let t = j + -47. Determine k(t).
-7
Suppose 126 = 69*v - 62*v. Suppose 0 = -3*k - v + 12. Let b(d) = -11*d. What is b(k)?
22
Let z(w) = 11 - 1 - 2*w - 11. Let p(j) = 9*j - 3. Let b(c) = -p(c) - 5*z(c). What is b(-7)?
1
Let z(v) = 19*v + 292. Let i be z(-14). Let f(s) = s**3 - 27*s**2 + 28*s - 51. Calculate f(i).
1
Suppose 30*m = 66 - 6. Let r(l) = l + 24. Let k be r(-10). Let u(g) = 5*g**2 + 1 + k*g - 17*g**2 - 12*g - 14*g**m. What is u(-1)?
-27
Let o(p) = p**3 + 31*p**2 - 13*p + 5*p + 2542 - 22*p**2 - 2532. Calculate o(-10).
-10
Let l(s) = -s**3 + 9*s**2 + 11*s - 7. Suppose 508*f - 90 = 499*f. Calculate l(f).
3
Let w(h) = 2*h + 1. Let f = -102 + 106. Suppose 7*d - 5*d - f = 0. Suppose 3*r - r = 4*i + 18, 5*i + d*r = 0. Calculate w(i).
-3
Let n be (32/(-36))/4 - 76/(-18). Suppose -158*t - n = -154*t. Let p(o) = 24*o + 3. Let c(g) = -12*g - 2. Let j(k) = -5*c(k) - 3*p(k). What is j(t)?
13
Let c(o) = 7*o**3 + 23*o**2 + 6*o + 4. Let p be c(-3). Let n(x) = x**2 - 4*x - 4. Let v be n(6). Let b(z) = -5 + 1 - 3*z - v*z**2 + 5*z**2 + z**3. What is b(p)?
0
Let r(z) = 6*z**2 + 4*z + 4. Let y be r(-1). Suppose d = 2*g + y, 4*g + d - 2*d = -12. Let q(w) = w**2 - 3*w - 2. What is q(g)?
16
Let l(m) = -2*m + 4*m - 9 + 0*m - 3*m. Let u be l(-11). Let q(i) = i - u*i - 6*i + 2*i. Calculate q(-1).
5
Let w(f) = -f**3 + 19*f**2 - 72*f - 62. Let k be w(13). Let s(y) = y**2 - 18*y - 5. Give s(k).
-37
Let j(q) = 3*q - 146 - 105 + 0*q + 279. Determine j(-22).
-